 + 17. What is r(13)?
4
Let y(m) = m**3 - 7*m**2 - m + 2. What is y(6)?
-40
Let g(v) = -v**2 - 10*v - 28. Give g(-7).
-7
Let c(g) = -g**3 + 4*g**2 + 2*g - 7. Determine c(3).
8
Let t(c) = c**3 + 2*c**2 - 4*c - 6. What is t(-3)?
-3
Let q(b) = 4*b - 44. Determine q(16).
20
Let c(m) = -m**3 + 16*m**2 - 21*m - 1. Determine c(15).
-91
Let a(d) = -3*d**2 + 4*d - 6. Determine a(4).
-38
Let n(v) = v**3 - 2*v**2 + 1. Calculate n(1).
0
Let s(z) = -3*z**3 + 5*z**2 + 2*z + 1. Calculate s(3).
-29
Let q(s) = 3*s + 29. What is q(-10)?
-1
Let y(b) = 7*b**2 - 6*b + 6. Give y(1).
7
Let i(f) = f - 4. Calculate i(7).
3
Let b(f) = f**3 - 16*f**2 + 2. Calculate b(16).
2
Let a(w) = -w**3 + w**2 + w - 4. Calculate a(0).
-4
Let w(n) = 8*n - 9. What is w(-10)?
-89
Let u(k) = k**2 + 23*k + 1. Give u(-18).
-89
Let c(m) = -m**3 + 13*m**2 + 16*m - 28. Calculate c(14).
0
Let u(t) = -3*t - 30. Determine u(-8).
-6
Let h(k) = k**2 - k - 21. Determine h(0).
-21
Let h(r) = 5*r**3 + r**2 - 4*r - 5. Give h(-1).
-5
Let u(f) = -f**3 + 9*f**2 - 3*f + 20. Calculate u(9).
-7
Let d(w) = -6*w - 14. Determine d(-7).
28
Let v(x) = x**2 - 8*x + 7. Give v(6).
-5
Let j(h) = h**3 + 15*h**2 + 9*h + 12. What is j(-15)?
-123
Let y(z) = -2*z**2 + 25*z. What is y(19)?
-247
Let s(b) = 7*b + 110. Calculate s(-16).
-2
Let c(s) = 8*s - 97. What is c(9)?
-25
Let d(j) = -3*j + 2. Determine d(2).
-4
Let k(u) = -u - 7. Determine k(9).
-16
Let j(x) = -21*x - 1. Give j(1).
-22
Let s(z) = z**3 - 7*z**2 - 1. Calculate s(7).
-1
Let o(l) = l**2 - 7*l - 22. What is o(9)?
-4
Let g(c) = -25*c - 734. Give g(-29).
-9
Let p(q) = 31*q - 686. Determine p(22).
-4
Let j(u) = -9*u + 64. Determine j(10).
-26
Let a(m) = -59*m**2 - 16*m - 18. Calculate a(-1).
-61
Let g(n) = -22*n + 6. Give g(-7).
160
Let z(j) = 2*j**2 - 5*j + 4. What is z(2)?
2
Let k(a) = 2*a**3 - 9*a**2 + 2*a + 8. What is k(4)?
0
Let t(s) = s + 15. Calculate t(-13).
2
Let w(p) = -2*p**2 + 24*p - 22. What is w(1)?
0
Let j(v) = -v**2 - 2*v + 3. What is j(2)?
-5
Let l(f) = -f**2 + 70*f + 804. What is l(-10)?
4
Let b(g) = -4*g - 17. What is b(-5)?
3
Let m(b) = b**3 + 17*b**2 + 20*b + 64. Calculate m(-16).
0
Let n(b) = 20*b - 4. Give n(3).
56
Let w(g) = g**2 + 10*g - 11. Calculate w(-9).
-20
Let z(r) = -r**3 - 16*r**2 + 19*r - 16. Give z(-17).
-50
Let n(k) = -k**2 + 2*k + 4. Calculate n(-4).
-20
Let f(o) = -o**3 - 4*o**2 + 18*o - 8. Calculate f(-7).
13
Let o(a) = a**3 - 2*a**2 - 8*a - 5. Calculate o(5).
30
Let k(n) = 8*n**2 - 127*n + 6. Give k(16).
22
Let z(v) = -v**3 - 2*v**2 - 4*v - 21. What is z(-3)?
0
Let q(u) = 18*u - 4. Give q(3).
50
Let p(q) = -2*q**2 + 3*q - 8. Determine p(6).
-62
Let f(a) = a**3 - 4*a**2 - 3*a + 4. What is f(3)?
-14
Let r(x) = x**3 - 6*x**2 - 15*x - 14. What is r(8)?
-6
Let z(m) = 5*m. Calculate z(-1).
-5
Let j(n) = n**3 + 3*n**2 - 3*n - 3. Calculate j(-3).
6
Let d(q) = -q**2 + 6*q + 12. What is d(8)?
-4
Let t(y) = -3*y - 4. What is t(-2)?
2
Let j(t) = -7*t**2 + 33*t - 16. Calculate j(4).
4
Let u(t) = -t**3 - 24*t**2 - 26*t - 73. Calculate u(-23).
-4
Let c(m) = -10*m - 24. Give c(-4).
16
Let m(r) = r**3 + 5*r**2 + 5*r + 6. Calculate m(-5).
-19
Let p(m) = -m**2 + 11*m + 9. Determine p(12).
-3
Let l(r) = r**3 - 9*r**2 + 6*r + 2. What is l(8)?
-14
Let u(a) = -17*a**2 - a - 1. Calculate u(2).
-71
Let k(p) = -p**3 - 25*p**2 - 43*p + 65. What is k(-23)?
-4
Let m(h) = 2*h**3 + 93*h**2 - 49*h - 88. What is m(-47)?
6
Let r(l) = 2*l + 13. Determine r(0).
13
Let f(w) = -w**2 + 29*w - 136. Determine f(6).
2
Let o(v) = 2*v + 7. What is o(-2)?
3
Let s(d) = -d**2 - 5*d - 4. What is s(-1)?
0
Let q(l) = 9*l**3 - l**2 + l - 1. What is q(1)?
8
Let s(q) = q**2 + 9*q + 8. Give s(-7).
-6
Let h(m) = -m**3 - 18*m**2 - m - 12. What is h(-18)?
6
Let w(p) = -134*p**2 + 3*p + 2. What is w(-1)?
-135
Let s(g) = -2*g**2 + 19*g - 31. Calculate s(8).
-7
Let f(o) = -15*o + 11. What is f(-6)?
101
Let t(f) = -4*f + 17. Calculate t(10).
-23
Let o(u) = -u**2 - 15*u + 31. Determine o(-11).
75
Let h(y) = 4*y + 55. Give h(-15).
-5
Let w(y) = -y**2 - 9*y - 41. Calculate w(-13).
-93
Let o(g) = g**3 + 17*g**2 - g - 8. Give o(-17).
9
Let d(k) = -2*k**2 + 17*k + 20. What is d(9)?
11
Let m(p) = 2*p**3 + 34*p**2 - 38*p - 42. Calculate m(-18).
-6
Let l(i) = -3*i + 1. Calculate l(-5).
16
Let f(c) = 43*c**2. Calculate f(1).
43
Let l(c) = -43*c + 1. What is l(1)?
-42
Let s(l) = -2*l**2 + 12*l + 63. Give s(10).
-17
Let q(t) = t**2 + 11*t + 5. Give q(-11).
5
Let b(o) = 2*o + 3. What is b(-1)?
1
Let r(c) = 2*c - 16. What is r(9)?
2
Let q(j) = -j**3 + 11*j**2 - 7*j - 27. Give q(10).
3
Let z(r) = -6*r + 1. Calculate z(1).
-5
Let g(r) = -3*r + 34. Give g(14).
-8
Let l(z) = 11*z. What is l(2)?
22
Let i(c) = -5*c**3 - 5*c**2 - 10*c - 7. Calculate i(-3).
113
Let j(s) = 3*s - 11. Determine j(3).
-2
Let u(p) = -3*p**3 + p**2 + p. Determine u(-1).
3
Let o(z) = -z**2 - z - 15. Calculate o(-9).
-87
Let q(n) = n**2 - 15*n - 28. Give q(16).
-12
Let h(j) = 3*j. Calculate h(3).
9
Let q(i) = -i**3 + 5*i**2 + i + 9. Determine q(6).
-21
Let o(j) = 26*j + 21. Determine o(-6).
-135
Let o(x) = x**3 + 2*x**2 - x + 2. Determine o(-3).
-4
Let r(q) = -2*q**3 + 8*q**2 + 3*q - 3. What is r(4)?
9
Let w(y) = -3*y**2 + y - 37. Determine w(0).
-37
Let p(n) = -n**3 + 9*n**2 + 49*n + 45. Calculate p(13).
6
Let i(p) = 28*p + 340. Give i(-12).
4
Let j(g) = g**3 - 4*g**2 - 2*g + 7. Determine j(4).
-1
Let l(k) = k**2 + 2*k - 19. What is l(-6)?
5
Let g(q) = -q**3 - 7*q**2 - 2. What is g(-7)?
-2
Let m(s) = -2*s**2 + 5*s - 12. Give m(0).
-12
Let h(r) = -r**2 - 12*r - 4. What is h(-11)?
7
Let x(d) = -d + 4. What is x(1)?
3
Let z(l) = -5*l**3 - 9*l**2 + 16*l - 6. What is z(2)?
-50
Let a(u) = -3*u**2 - 5*u - 3. Give a(-3).
-15
Let n(l) = -l**2 + 11*l + 21. Determine n(13).
-5
Let i(r) = 23*r - 295. Determine i(13).
4
Let b(k) = -k**3 - k**2 + 2*k + 100. What is b(0)?
100
Let r(z) = -z**3 - 9*z**2 + 10*z - 1. Calculate r(-10).
-1
Let k(b) = 2*b**2 - 28*b + 60. What is k(11)?
-6
Let p(k) = 36*k**3 + k**2 - k + 1. Calculate p(1).
37
Let b(h) = -h**3 + 8*h**2 - h - 12. Give b(7).
30
Let v(z) = -z + 3. Calculate v(9).
-6
Let y(r) = 3*r - 11. Calculate y(14).
31
Let f(j) = -j**3 - 8*j**2 - 3*j - 9. Give f(-8).
15
Let u(q) = -q**3 + 2*q**2 - 1. What is u(2)?
-1
Let f(r) = -r - 48. Give f(0).
-48
Let b(a) = -5*a + 112. Determine b(11).
57
Let y(n) = -6*n - 3. Give y(-2).
9
Let x(u) = u**2 - 5*u - 10. Give x(5).
-10
Let h(o) = -o**3 - 24*o**2 + o + 22. Determine h(-24).
-2
Let d(g) = -g**3 - 4*g**2 + 18*g + 10. Give d(-6).
-26
Let k(v) = -v**3 + 6*v**2 + 4*v - 12. Calculate k(5).
33
Let x(b) = 27*b + 8. What is x(-1)?
-19
Let s(t) = -6*t. What is s(-8)?
48
Let b(g) = -g**3 + 9*g**2 + 46*g - 26. What is b(-4)?
-2
Let d(g) = -9*g - 3. What is d(-4)?
33
Let l(b) = 85*b**2 + b - 2. What is l(1)?
84
Let q(h) = -15*h - 88. Give q(-7).
17
Let a(b) = b**3 - 10*b**2 + 5*b + 40. What is a(9)?
4
Let d(r) = -6*r**3 - 5*r**2 + 3*r. What is d(1)?
-8
Let c(k) = -k**3 - 9*k**2 + 5*k + 31. Give c(-9).
-14
Let m(c) = 4*c + 10. Calculate m(-6).
-14
Let l(r) = 8*r**3 + r**2 + r + 2. What is l(-1)?
-6
Let w(h) = -5*h + 26. Determine w(6).
-4
Let c(z) = z**3 - 14*z**2 - 51*z - 7. Give c(17).
-7
Let s(w) = w**2 - 2*w - 12. Calculate s(5).
3
Let h(f) = 8*f - 5. Give h(4).
27
Let f(m) = -5*m + 95. What is f(19)?
0
Let r(h) = -h**3 - 7*h**2 + 2. What is r(-2)?
-18
Let s(h) = 60*h**3 + h - 1. Calculate s(1).
60
Let w(i) = -20*i - 1. What is w(2)?
-41
Let f(m) = -2*m - 31. Determine f(-5).
-21
Let v(a) = a - 9. What is v(2)?
-7
Let z(i) = -i**2 + 12*i - 31. What is z(16)?
-95
Let b(m) = m**3 + 3*m**2 - m - 3. What is b(-4)?
-15
Let x(n) = 5*n + 5. What is x(-2)?
-5
Let f(q) = -q**2 - q - 3. What is f(0)?
-3
Let q(a) = a**3 - 7*a**2 + 6*a + 25. Calculate q(4).
1
Let r(i) = 2*i**2 - 50*i - 9. Calculate r(25).
-9
Let b(z) = z**2 + z + 10. Determine b(0).
10
Let p(u) = u**2 - 9*u + 28. Give p(13).
80
Let c(q) = -q**2 + 29*q - 56. Give c(24).
64
Let z(a) = 3*a**2 + 30*a - 3. Determine z(-9).
-30
Let x(d) = 4*d**2 + d + 4. What is x(-3)?
37
Let w(f) = 11*f**2 + 69*f + 10. Give w(-6).
-8
Let n(a) = 13*a - 7. Give n(0).
-7
Let i(q) = -q**2 + 2*q - 250. Give i(0).
-250
Let h(x) = -x**3 + 2*x - 2. Determine h(-3).
19
Let p(l) = -l**3 + 16*l**2 + l + 4. Calculate p(16).
20
Let